{"id":7042,"date":"2023-02-08T18:19:43","date_gmt":"2023-02-08T15:19:43","guid":{"rendered":"https:\/\/favortecoffee.com\/?post_type=product&#038;p=7042"},"modified":"2025-08-20T15:00:34","modified_gmt":"2025-08-20T12:00:34","slug":"damla-sakizli-turk-kahvesi","status":"publish","type":"product","link":"https:\/\/favortecoffee.com\/bayi\/urun\/damla-sakizli-turk-kahvesi\/","title":{"rendered":"Damla Sak\u0131zl\u0131 T\u00fcrk Kahvesi"},"content":{"rendered":"","protected":false},"excerpt":{"rendered":"<p>Yumu\u015fak \u0130\u00e7im<\/p>\n<p>%100 Arabica<\/p>\n<p><strong>\u00d6l\u00e7\u00fc: 1 kg<\/strong><\/p>\n<div id=\"gtx-trans\" style=\"position: absolute; left: 17px; top: 118px;\">\n<div class=\"gtx-trans-icon\"><\/div>\n<\/div>\n","protected":false},"featured_media":8793,"comment_status":"open","ping_status":"closed","template":"","meta":[],"product_brand":[],"product_cat":[82,81],"product_tag":[],"class_list":{"0":"post-7042","1":"product","2":"type-product","3":"status-publish","4":"has-post-thumbnail","6":"product_cat-geleneksel-kahveler","7":"product_cat-cekirdek-kahve","9":"first","10":"instock","11":"shipping-taxable","12":"purchasable","13":"product-type-simple"},"_links":{"self":[{"href":"https:\/\/favortecoffee.com\/bayi\/wp-json\/wp\/v2\/product\/7042","targetHints":{"allow":["GET"]}}],"collection":[{"href":"https:\/\/favortecoffee.com\/bayi\/wp-json\/wp\/v2\/product"}],"about":[{"href":"https:\/\/favortecoffee.com\/bayi\/wp-json\/wp\/v2\/types\/product"}],"replies":[{"embeddable":true,"href":"https:\/\/favortecoffee.com\/bayi\/wp-json\/wp\/v2\/comments?post=7042"}],"wp:featuredmedia":[{"embeddable":true,"href":"https:\/\/favortecoffee.com\/bayi\/wp-json\/wp\/v2\/media\/8793"}],"wp:attachment":[{"href":"https:\/\/favortecoffee.com\/bayi\/wp-json\/wp\/v2\/media?parent=7042"}],"wp:term":[{"taxonomy":"product_brand","embeddable":true,"href":"https:\/\/favortecoffee.com\/bayi\/wp-json\/wp\/v2\/product_brand?post=7042"},{"taxonomy":"product_cat","embeddable":true,"href":"https:\/\/favortecoffee.com\/bayi\/wp-json\/wp\/v2\/product_cat?post=7042"},{"taxonomy":"product_tag","embeddable":true,"href":"https:\/\/favortecoffee.com\/bayi\/wp-json\/wp\/v2\/product_tag?post=7042"}],"curies":[{"name":"wp","href":"https:\/\/api.w.org\/{rel}","templated":true}]}}